ghest common divisor of t and 224.
16
Suppose -8*u - 39*u + 18666 = 14*u. What is the highest common divisor of 2601 and u?
153
Suppose 2*t + 171 = 5*t - u, 5*t = -5*u + 265. Suppose -12*g + 5*o = -15*g + 15, t = 5*g - 2*o. What is the greatest common divisor of 2 and g?
2
Let l be ((-42)/2)/(5 - (-69)/(-12)). Let i = l - 30. Let x be (i + 2/(30/51))*5. What is the greatest common divisor of x and 49?
7
Suppose -4*x - 52 = -2*a + x, x = a - 20. Let m be 4/a*4*1*17. Let u(i) = i**2 - 16*i - 7. Let p be u(m). Calculate the greatest common factor of p and 20.
10
Let o be (-4 + (-1 + 26)/5)*106. Suppose 4*d = d + 159. What is the highest common divisor of o and d?
53
Suppose b - 8*f - 15 = -13*f, 2*b + 6 = 2*f. Suppose b = -16*z + 20*z - 16. Calculate the greatest common divisor of 14 and z.
2
Suppose -15*f = -13*f - 12. Suppose f*p + 264 = 9*p. What is the highest common divisor of p and 11?
11
Let v = -7 + 12. Let b(a) = 30*a**2 - 28*a**2 + 40 - 9*a + 26*a + 11*a. Let c be b(-14). What is the greatest common divisor of c and v?
5
Let y = 8837 + -8767. Calculate the greatest common factor of y and 2695.
35
Let k(z) = z**3 + 4*z**2 - 33*z + 8. Let a be k(-8). Suppose -a*c = -38*c + 374. Calculate the greatest common factor of 51 and c.
17
Suppose -5*g + 4*g = 90. Let h be (5 - 57/9)/(2/g). What is the greatest common divisor of 540 and h?
60
Let l = -4895 + 7482. Calculate the greatest common factor of l and 52.
13
Let z = 741 - 737. Let l(m) = 22*m**2 - m. Let j be l(-1). Suppose -87 + j = -4*b. Calculate the highest common factor of b and z.
4
Let g be 4*4 + 0 - (-14 + 10). Let s be (3/(-2))/(g/(-120)). What is the greatest common factor of 21 and s?
3
Let j = 13 + -5. Let t(v) = -v**3 + 7*v**2 + 9*v + 4. Let b be t(j). Let f = 77100 - 77004. Calculate the highest common factor of f and b.
12
Let v be (-136)/7*-10 - 112/392. Suppose -291 = -6*d + 5*d. What is the highest common divisor of d and v?
97
Suppose -4*h - 91 = -175. Let n be (-43)/(-9) + 8/36. Suppose 5*k = -n*p + 80, -k + 3*p + 20 = 6*p. What is the greatest common divisor of h and k?
7
Let d = -515 + 786. Let p = d - 121. Calculate the highest common divisor of 250 and p.
50
Let c be (182 - -3)/(3/3). Suppose -2*y - y = -4*g + c, 15 = 3*y. What is the greatest common factor of g and 550?
50
Let o be -5 + ((-35)/10 + 5)*2820/18. What is the highest common divisor of o and 80?
10
Suppose -22*f - 2602 + 2712 = 0. Calculate the highest common divisor of f and 1145.
5
Suppose 123 = -6*r + 117. Let o(k) = -19*k**3 + k**2 - k - 1. Let q be o(r). What is the highest common divisor of 340 and q?
20
Let h(t) = 10*t**2 + 4*t - 4. Let c be h(-4). Suppose 63*l - 518 - 742 = 0. Calculate the highest common divisor of c and l.
20
Suppose 4*w = -0*w + 1320. Suppose 91*j - 92 = -5*p + 89*j, 0 = -p - 2*j + 4. What is the greatest common divisor of w and p?
22
Suppose -12*c = 5*c - 5773 - 7402. Calculate the greatest common factor of 150 and c.
25
Let x(g) = -17*g + 11*g + 108 - 14*g. Let p be x(5). Let a = 80 - 48. Calculate the highest common divisor of a and p.
8
Let p = -2876 + 3028. Calculate the greatest common factor of 646 and p.
38
Let d be 48/40*(-30)/8*8. Let k be 16/d + 1918/63. Calculate the highest common factor of k and 570.
30
Suppose -27*a + 28*a + 16 = 0. Let w = 11 - a. Suppose -7*l + 14*l = 63. Calculate the greatest common factor of l and w.
9
Let u be (-3)/((-45)/2310) + -11. What is the highest common divisor of u and 275?
11
Let y = -6 + 10. Let z be 2/3*(y + 2). Suppose c + 2*d + 30 = 2*c, z*c + 4*d - 96 = 0. What is the greatest common divisor of 78 and c?
26
Suppose 26*r - 94400 = -98*r + 24*r. What is the greatest common factor of 2124 and r?
236
Suppose 3*c + 0*c - 22 = -5*s, -5*c + s + 18 = 0. Suppose q = -0*q - c*q. Suppose q = -18*p + 9*p + 63. Calculate the highest common divisor of p and 91.
7
Suppose 5*s + 5*i - 2215 = 4015, -5*i + 20 = 0. Let t = s + -846. What is the highest common divisor of 66 and t?
66
Suppose -l - 2*u = -648 + 90, -4*u = -3*l + 1644. Suppose 7*o = o + l. What is the greatest common divisor of o and 12?
4
Suppose 300 = 3*z + 2*z. Let s(c) be the third derivative of -c**4/24 + 67*c**3/6 + 2*c**2 + 10. Let a be s(31). What is the highest common divisor of z and a?
12
Let l(i) = -2483*i + 20319. Let g be l(8). Let z be (-14)/(-1 - (-6)/10). What is the greatest common divisor of z and g?
35
Suppose 5*k = -10, 2*w + 2*w - 3*k - 106 = 0. Let s = 46 + -46. Suppose 4*t + s*t + 25 = d, 20 = 5*d + t. Calculate the highest common factor of w and d.
5
Let f = 195 + 54. Let l be f/9 + (-4)/6. Let z = -11142 - -11358. What is the highest common divisor of l and z?
27
Let k = 18725 + -18690. Calculate the greatest common factor of k and 15505.
35
Let a = -22 + 66. Suppose -4*d + 2*n = 3598 - 14478, 0 = -3*d - 2*n + 8153. Suppose -6*h + d = 2653. Calculate the greatest common factor of h and a.
11
Let p(b) = 3*b + 36. Let d be p(5). What is the highest common factor of 2 and d?
1
Let y = -8765 + 16768. What is the highest common factor of 53 and y?
53
Let v(m) be the second derivative of -17*m**3/2 - 48*m**2 + 10*m - 8. Let p be v(-12). What is the highest common divisor of p and 12?
12
Let x = 256 - 152. Suppose 64*d - 255 - 257 = 0. What is the greatest common factor of x and d?
8
Let p = 0 - -2. Let f(i) = i**2 - 683 - 683 + 1367 - 2*i. Let w be f(2). Calculate the greatest common divisor of p and w.
1
Suppose -3*z - 975 = -4*h, 7*h + z = 2*h + 1233. Suppose -w = -h + 96. Let a = w + -55. What is the highest common factor of 38 and a?
19
Suppose 2*u = -277 - 399. Let r = u + 355. Calculate the highest common divisor of 119 and r.
17
Let b(l) = 16 - 9*l + 7*l + 34*l**2 - 2*l. Let m be b(3). What is the greatest common factor of 62 and m?
62
Let q(c) = 7*c**3 - 92*c**2 - 34*c - 22. Let f be q(19). What is the greatest common divisor of 21 and f?
21
Suppose 3*k - 3*d = -5*d + 307, -3*d + 511 = 5*k. Suppose 0 = -29*s + k + 131. Suppose 3*b = 289 + 23. What is the highest common factor of s and b?
8
Let r(f) = 444*f - 1084. Let p be r(3). Let m = 0 + 31. Calculate the greatest common factor of m and p.
31
Suppose -y - 2*r = 350, 2*y + 1738 = -3*y - 4*r. Let n = y + 598. Calculate the greatest common factor of 12 and n.
12
Suppose 5*w - 1635 = 2*z + 2899, -4*z - 8 = 0. Suppose w = 7*f - 3973. Calculate the greatest common divisor of 17 and f.
17
Suppose -18*o + 33 = w - 13*o, -5*w - o = -69. Calculate the greatest common factor of w and 4303.
13
Let x(r) = -47*r - 21. Let k(f) = 51*f + 22. Let h(o) = -6*k(o) - 7*x(o). Let c be h(6). What is the highest common divisor of c and 51?
51
Let y = 115 - 82. Let g be (-3 + -80)*(-11)/11. Let b = -61 + g. What is the greatest common divisor of y and b?
11
Suppose -5*y + 4*b + 109 + 2 = 0, 0 = -y + 4*b + 35. Suppose -y*w + 21*w = 6, -54 = -2*q - 4*w. Calculate the highest common factor of 21 and q.
21
Suppose 2869 = b - 4907. Calculate the greatest common factor of 64 and b.
32
Let n(f) = -f**3 - f**2 - 3*f - 2. Let t be n(-1). Let a be t/(-5) + (-516)/(-30). What is the highest common factor of 221 and a?
17
Let h be (10*(-3)/4)/(108/(-21168)). What is the highest common factor of h and 126?
42
Let i(q) = 99*q + 4701. Let r be i(-47). Calculate the greatest common divisor of r and 15216.
48
Suppose -9*j = 4*j - 377. Let g = 74 - j. Let i be 12/(-6)*(-30)/4. What is the greatest common divisor of g and i?
15
Let i = -92966 - -92976. Let s be ((-20)/3)/(-2)*321. What is the highest common divisor of i and s?
10
Suppose 3*o - 1 = v - 2, -5*v + 62 = 4*o. Suppose 0 = 2*l + v - 118. Let j = 6 - 0. Calculate the highest common divisor of l and j.
6
Let m(d) = -d**3 + 23*d**2 + 209*d + 45. Let f be m(30). Let o be (-2 - -3) + 122 + -3. Calculate the greatest common divisor of o and f.
15
Let u = 3 + 11. Suppose 638 = -458*q + 447*q + 2332. What is the highest common divisor of q and u?
14
Let n be 1/3 + (-1)/3. Let g(w) be the first derivative of w**3/3 - w**2 + 10*w - 3033. Let d be g(n). What is the greatest common factor of 30 and d?
10
Let b = 25 + -22. Suppose 0 = -b*o + 8 - 8. Let y be (6 - o)*17/3. Calculate the highest common divisor of 85 and y.
17
Let v = 2 - -5. Suppose 0 = -8*b + 2*b + 1134. Suppose -433*l = -436*